. Calculate n(7).
6
Let a(p) = p**2 + 5*p - 5. Let y = -40 + 50. Suppose 4*f = -2*t + y, -t - f + 4 = 2*f. Suppose 3*m - t*m - 35 = -5*l, l + 2 = -m. Determine a(m).
-5
Let p(f) = 3*f - 56. Let j be p(19). Suppose 5*n + 8 + j = 2*s, 0 = 3*s + 4*n + 21. Let v(w) = -w**2 + 3. Give v(s).
-6
Let b be 0/1 + 6/(-4)*96/(-18). Let y(q) be the third derivative of -q**5/60 + 3*q**4/8 - 11*q**3/6 - 2*q**2. Calculate y(b).
-3
Let f(x) = -3*x**2 + 3*x. Let v be 58/16 + -5 - (-12)/32. Let j be -1*1*(-1 + v - 1). What is f(j)?
-18
Let b(a) = -23*a**2 + 506*a - 35. Let y(p) = 19*p**2 - 419*p + 29. Let m(z) = 24*b(z) + 29*y(z). Let v(w) = -w**2 - 2*w. Let l be v(-4). Calculate m(l).
-7
Let d(q) = -2*q**3 + 3*q**2 + 4*q - 8. Let p = 8504 - 8500. Determine d(p).
-72
Let j(r) = r + 13. Let q be 1/(-3) + (-5 - 1505/(-15)). Suppose -q = 13*u + 35. Determine j(u).
3
Let j(o) = -o**3 - 7*o**2 + o + 11. Let h(d) = 3*d**3 - 15*d**2 - d - 13. Let t be h(7). Let g = t + -281. Give j(g).
4
Suppose 188 = -4*a - 5*h, -h + 47 = -2*a + a. Let z = a + 53. Let q(o) = o**2 - 8*o + 1. Give q(z).
-11
Let f(g) = -g**3 - 9*g**2 - 14*g - 4. Suppose t + 5*u - 13 = 0, -2*t - 206*u + 204*u - 6 = 0. Calculate f(t).
-4
Let v be 75*((-77)/(-21) - 3). Let z(a) = -47*a - 6 + a**2 - v*a + 2 + 89*a. Calculate z(7).
-11
Let a = -164 - -161. Let f(w) = -5*w**3 + 3*w**2 + w + 4. Let y(l) = 4*l**3 - 2*l**2 - l - 5. Let t(x) = a*f(x) - 4*y(x). Give t(0).
8
Suppose 0 = 4*y - i + 21, 4*i + 6 = -2*y + 18. Let t(z) = 10*z**3 + 2*z**2 + 5*z - 5. Let j(s) = s**3 - 1. Let o(g) = 9*j(g) - t(g). Calculate o(y).
48
Let j(h) = h**2 - 4*h + 5. Let z(s) be the third derivative of s**5/30 - 3*s**4/8 + 3*s**3/2 + 62*s**2. Let m(k) = -7*j(k) + 3*z(k). Give m(0).
-8
Let k(p) = -26 + 33 + p**2 - 3 - 10*p. Suppose -28 = 4*z + 16. Let r(n) = -n - 3. Let g be r(z). Give k(g).
-12
Let r(h) = -h + 1. Let c(p) = 4*p**2 - 2*p + 2. Let t(a) = c(a) - 3*r(a). Let o be t(-1). Suppose 9 = -u - o*u. Let l(w) = w**2 - 4*w + 1. Determine l(u).
22
Suppose 0 = 15*z + 13*z - 560. Let p(l) = -l - 9. Calculate p(z).
-29
Let z be 6/(-11)*(-33)/6. Let y(j) = 3*j**2 - j + 2. Calculate y(z).
26
Let b(m) = -1276*m + 1273*m - 8 + 12*m**2 - 1 + 1 - 1. What is b(-2)?
45
Let l(o) be the first derivative of 2*o - 1/6*o**3 - 17/2*o**2 + 13. Let s(t) be the first derivative of l(t). Give s(-9).
-8
Let w = -1793 + 1793. Let x(y) = 2*y**3 + y**2 - y + 1. Determine x(w).
1
Let r(k) = -24*k**2 - 2. Suppose -112*f - 15*f = 30*f + 157. Give r(f).
-26
Let p(g) = -g**2 + 48*g - 9. Let l(t) = -5*t. Let u(o) = -9*l(o) - p(o). Calculate u(2).
7
Let m(k) = -2*k - 4*k + 2*k - 13 + 5*k - k**2. Let p(h) = -h**2 + h - 12. Let r(o) = 3*m(o) - 4*p(o). Calculate r(0).
9
Let c(v) = 10*v. Let z(h) = -21*h + 1. Let f(n) = 7*c(n) + 3*z(n). Suppose 143*p - 30 = 133*p. Give f(p).
24
Let z(d) be the third derivative of -d**4/24 + 3*d**3/2 - 2*d**2 + 259*d. What is z(0)?
9
Let g(v) = -v**2 + 10*v - 7. Let h be (0 + 6)*(-1460)/(-1095). Determine g(h).
9
Let l(i) = -2*i**2 + 1. Suppose -6*t - 3*t = -t. Suppose t = 6*a + 5 - 89. Suppose 5*q - 24 = -a. Calculate l(q).
-7
Let t(y) = y**2 + 10*y + 1. Suppose -38*i + 27*i = 50*i + 427. Give t(i).
-20
Let r(j) = 3*j - 1. Let b = 74 + -50. Suppose -4*z + b = -10*z. Calculate r(z).
-13
Let f(w) be the first derivative of -7*w**2/2 + 12*w + 3. Suppose 0 = -13*p + 57*p - 748. Let y(o) = 20*o - 36. Let a(d) = p*f(d) + 6*y(d). Calculate a(0).
-12
Let s(r) = r**2 + r + 1. Suppose 0 = 9*a - 11*a + 2, -4*a = -b - 3. Let l(f) = f**2 + 4*f - 2. Let j(n) = b*s(n) + l(n). Calculate j(-4).
11
Let u(j) be the first derivative of j**4/4 + j**3/3 - j**2/2 + j + 258. Let i = -41 + 37. Let t be i - (-6 + 3 + -1). What is u(t)?
1
Let c(b) = 10*b**3 - 5*b**2 - 2*b + 6. Let u(o) = 95*o - 1522. Let l be u(16). Calculate c(l).
-90
Let j(k) = -k**3 + 8*k**2 - 4*k - 2. Let g be (13750/40)/25 + 1/4. Suppose g = 15*o - 106. Determine j(o).
-34
Let p(k) = -2*k + 82. Let g be (-9)/(405/(-370))*18/4. Give p(g).
8
Let i = -23 - -47. Let v be (12/(-18))/((-2)/i). Let f(k) = 2*k + 6*k - v - 10*k + k. Calculate f(0).
-8
Let o(y) = -y**2 + y + 35. Let m be o(-5). Let z(x) = 180*x - 894. What is z(m)?
6
Let x(i) = -3*i**2 + 28*i - 94. Let s(f) = f**2 + 60*f - 57. Let q be s(-61). Give x(q).
-30
Suppose -128*w + 22 = -68*w - 71*w. Let o(q) = -12*q**3 + 5*q - 1. Determine o(w).
85
Suppose -4*f + 49 = -5*r, 0*r = 5*f - r - 35. Let a(d) = 51*d - 43. Let k(n) = 44*n - 38. Let p(i) = 6*a(i) - 7*k(i). What is p(f)?
-4
Let n(x) = 4*x**2 + 6*x**2 - 9*x**2 - 22 - 17*x. Let d be n(17). Let j be (-72)/(-168) + d/(-14). Let h(l) = 5*l. What is h(j)?
10
Let w(f) = -7*f + 7. Let l(a) be the third derivative of -5*a**4/4 + 29*a**3/6 - 2093*a**2. Suppose 3*n = -2*n + 10. Let m(h) = n*l(h) - 9*w(h). Calculate m(4).
7
Suppose -51*f = -43*f + 24 + 48. Let t(h) = h**3 + 8*h**2 - 6*h + 12. Determine t(f).
-15
Suppose 0 = -7*d + 21*d - 84. Let t(x) = -5*x**3 - 2*x**2 - 3*x - 2. Let c(s) = 7*s**3 + 2*s**2 + 3*s + 2. Let q(r) = d*t(r) + 5*c(r). Calculate q(-1).
-6
Let r = 27712 + -27714. Let p(o) = 12*o**3 - 3*o**2 - 3*o - 5. Calculate p(r).
-107
Let p(x) = 23*x**3 - 3*x**2 + 3*x - 8. Let k(t) = -34*t**3 + 2*t**2 - 3*t + 9. Let c(r) = 2*k(r) + 3*p(r). What is c(6)?
48
Let i be (-45)/(-18) - -1 - (-6)/4. Let b(h) = 4*h**2 + 4*h - 33. Let l(c) = c**2 + c - 8. Let v(j) = 2*b(j) - 9*l(j). Give v(i).
-24
Let v(c) = -c**2 - 13*c - 24. Let a be v(-8). Let x be 4 + -4 + (a/(-4) - -5). Let q(w) = -16*w + 1. Give q(x).
-15
Suppose -4*x + 13 = -11. Let h(w) = -191*w + 384*w - 194*w. Let c(g) = 2*g - 3. Let z(a) = x*h(a) + 2*c(a). Calculate z(-4).
2
Let l be 4/(-2)*(560/(-392))/(8/98). Let r(n) be the second derivative of -2*n**2 - l*n + 0 - 1/3*n**3. Determine r(-5).
6
Let g(a) = 4*a**2 + 11*a - 1. Let q(h) be the third derivative of -h**5/12 - 5*h**4/8 + h**3/6 + 6*h**2 - 11*h. Let o(m) = -4*g(m) - 3*q(m). Give o(-1).
-1
Let o(k) = -10*k + 105. Let p be o(11). Let n(h) = 5 - 11*h**2 + 37*h**2 - 16*h**2 - 11*h**2 - 5*h. What is n(p)?
5
Let j(d) be the third derivative of -d**6/120 + 13*d**5/60 - 5*d**4/6 - 11*d**3/6 - 7117*d**2. What is j(11)?
11
Let m = -6349 + 6355. Let c(h) = h**2 - 17*h + 20. Determine c(m).
-46
Let q(r) = 282*r**2 - 292*r**2 + 3 + 63*r - 60*r. Give q(-1).
-10
Suppose 0 = -3*o - k - 40, o + 3*k + 7 = -17. Let p be (-18)/o*28/6. Let u(r) = -4*r + 6. Give u(p).
-22
Let a be 17/(-5) - (-2)/5. Let q(t) = -10*t**3 + 208*t**2 + 7*t - 16. Let z(p) = -57*p**3 + 1189*p**2 + 40*p - 91. Let g(u) = -40*q(u) + 7*z(u). Calculate g(a).
3
Let s(r) = 19*r + 3. Let j(u) = -58*u - 9. Let x(d) = -6*j(d) - 19*s(d). What is x(6)?
-81
Let x(h) = -3*h + 24. Suppose 71*u = 13*u. What is x(u)?
24
Let k(x) = -5*x + 3. Let t(l) = -4*l + 7. Let c(o) = -k(o) + t(o). Suppose 8*j - 3*j - 25 = 0. What is c(j)?
9
Let q(i) be the first derivative of 1/120*i**5 + 0*i - 19/3*i**3 - 19 + 0*i**2 - 1/24*i**4. Let p(r) be the third derivative of q(r). What is p(-5)?
-6
Let x = 3 - 0. Let n = -1250 + 1251. Suppose 4 = x*f + n. Let m(c) = -9*c. Determine m(f).
-9
Let j be (-6)/(-4)*18/9. Let g(f) = f - 2*f - 6 + 2*f + f. Calculate g(j).
0
Let s(u) = -u**2 + 5*u. Let z = -608 + 613. Suppose -z*n = -8*y + 4*y + 7, -3*n = -5*y + 12. Give s(y).
6
Let p(n) = 2*n**3 - 4*n**3 - 9*n**2 + 0*n**2 + 15 - 9*n + 2*n**2. Let v(x) = 5*x**3 + 21*x**2 + 27*x - 45. Let r(m) = -8*p(m) - 3*v(m). Calculate r(8).
7
Let g(o) = -o**3 - 1. Let z(t) = -3*t - t**2 - t + 3636*t**3 - 3641*t**3 - 3. Let n(x) = 6*g(x) - z(x). Calculate n(3).
-9
Let p(d) be the first derivative of -23*d**2/2 - 58*d + 4184. What is p(-4)?
34
Let t(n) = -61*n + 68 + 24*n + 20*n + 5*n + 20*n. Give t(-7).
12
Let f(g) = 2*g**3 + 2*g**2 - 1. Let k(n) be the third derivative of -n**5/60 + 17*n**4/24 + 31*n**2. Let o be k(21). Let j be (-196)/o - 4/3. What is f(j)?
3
Let q = -101 - -74. Let k = q - -32. Let d(l) = -2*l - 7. What is d(k)?
-17
Let y(q) = 5*q + 3. Let k = -441 + 390. Suppose 37 = -u - 11. Let f = k - u. Determine y(f).
-12
Let u(n) be the third derivative of -n**6/120 + n**5/12 - n**4/24 + n**3/2 + n**2. Suppose 0 = 3*a + 263 + 481. Let p be a/(-48) - 1/6. Give u(p).
-2
Suppose 9*q - 21 = 15. Suppose 32 = -q*d + 124. Let o = d - 20. Let h(a) = -a**2 + 5*a - 4. G